{"id":50,"date":"2024-02-15T22:11:41","date_gmt":"2024-02-15T22:11:41","guid":{"rendered":"https:\/\/provedorbrasil.com.br\/home\/?page_id=50"},"modified":"2025-02-19T19:33:08","modified_gmt":"2025-02-19T19:33:08","slug":"marketing-digital","status":"publish","type":"page","link":"https:\/\/provedorbrasil.com.br\/home\/marketing-digital\/","title":{"rendered":"Marketing Digital"},"content":{"rendered":"\n<h1 class=\"wp-block-heading has-text-align-center\"><\/h1>\n\n\n\n<figure class=\"wp-block-image size-full\"><img loading=\"lazy\" decoding=\"async\" width=\"2400\" height=\"556\" src=\"https:\/\/provedorbrasil.com.br\/home\/wp-content\/uploads\/2025\/01\/provedor-brasil-o-que-e-marketing-digital.png\" alt=\"\" class=\"wp-image-1781\" srcset=\"https:\/\/provedorbrasil.com.br\/home\/wp-content\/uploads\/2025\/01\/provedor-brasil-o-que-e-marketing-digital.png 2400w, https:\/\/provedorbrasil.com.br\/home\/wp-content\/uploads\/2025\/01\/provedor-brasil-o-que-e-marketing-digital-300x70.png 300w, https:\/\/provedorbrasil.com.br\/home\/wp-content\/uploads\/2025\/01\/provedor-brasil-o-que-e-marketing-digital-1024x237.png 1024w, https:\/\/provedorbrasil.com.br\/home\/wp-content\/uploads\/2025\/01\/provedor-brasil-o-que-e-marketing-digital-768x178.png 768w, https:\/\/provedorbrasil.com.br\/home\/wp-content\/uploads\/2025\/01\/provedor-brasil-o-que-e-marketing-digital-1536x356.png 1536w, https:\/\/provedorbrasil.com.br\/home\/wp-content\/uploads\/2025\/01\/provedor-brasil-o-que-e-marketing-digital-2048x474.png 2048w\" sizes=\"auto, (max-width: 2400px) 100vw, 2400px\" \/><\/figure>\n\n\n\n<p class=\"has-text-align-center has-medium-font-size\">Marketing digital s\u00e3o a\u00e7\u00f5es de comunica\u00e7\u00e3o que as empresas podem utilizar por meio da internet, da telefonia celular e outros meios digitais, para assim divulgar e comercializar seus produtos ou servi\u00e7os, conquistando novos clientes e melhorando a sua rede de relacionamentos.<\/p>\n\n\n\n<h1 class=\"wp-block-heading has-text-align-center\"><strong>Quais os pontos principais do Marketing Digital?<\/strong><\/h1>\n\n\n\n<div class=\"wp-block-essential-blocks-feature-list root-eb-feature-list-lon40\"><div class=\"eb-parent-wrapper eb-parent-eb-feature-list-lon40 \"><div class=\"eb-feature-list-lon40 eb-feature-list-wrapper eb-icon-position-left eb-tablet-icon-position-left eb-mobile-icon-position-left eb-feature-list-left\"><ul class=\"eb-feature-list-items circle stacked\"><li class=\"eb-feature-list-item\" data-new-tab=\"false\" data-icon-type=\"icon\" data-icon=\"fas fa-bullhorn\" data-icon-color=\"\" data-link=\"\"><div class=\"eb-feature-list-icon-box\"><div class=\"eb-feature-list-icon-inner\"><span class=\"eb-feature-list-icon\" style=\"color:\"><i icon=\"fas fa-bullhorn\" class=\"fas fa-bullhorn \"><\/i><\/span><\/div><\/div><div class=\"eb-feature-list-content-box\"><h3 class=\"eb-feature-list-title\">Divulgar o seu neg\u00f3cio.<\/h3><p class=\"eb-feature-list-content\">O Marketing Digital serve primordialmente para divulgar o seu neg\u00f3cio. Site, blog, redes sociais, e-mails e outros canais digitais servem para colocar a sua marca no mundo e apresent\u00e1-la a potenciais clientes.<\/p><\/div><\/li><li class=\"eb-feature-list-item\" data-new-tab=\"false\" data-icon-type=\"icon\" data-icon=\"fab fa-space-awesome\" data-icon-color=\"\" data-link=\"\"><div class=\"eb-feature-list-icon-box\"><div class=\"eb-feature-list-icon-inner\"><span class=\"eb-feature-list-icon\" style=\"color:\"><i icon=\"fab fa-space-awesome\" class=\"fab fa-space-awesome \"><\/i><\/span><\/div><\/div><div class=\"eb-feature-list-content-box\"><h3 class=\"eb-feature-list-title\">Alcan\u00e7ar mais pessoas.<\/h3><p class=\"eb-feature-list-content\">Voc\u00ea pode alcan\u00e7ar mais pessoas do que alcan\u00e7aria apenas na divulga\u00e7\u00e3o offline. Na internet, n\u00e3o h\u00e1 fronteiras: voc\u00ea pode atrair interessados de qualquer canto do mundo, atrav\u00e9s do Marketing Online.<\/p><\/div><\/li><li class=\"eb-feature-list-item\" data-new-tab=\"false\" data-icon-type=\"icon\" data-icon=\"fab fa-signal-messenger\" data-icon-color=\"\" data-link=\"\"><div class=\"eb-feature-list-icon-box\"><div class=\"eb-feature-list-icon-inner\"><span class=\"eb-feature-list-icon\" style=\"color:\"><i icon=\"fab fa-signal-messenger\" class=\"fab fa-signal-messenger \"><\/i><\/span><\/div><\/div><div class=\"eb-feature-list-content-box\"><h3 class=\"eb-feature-list-title\">Interagir com o p\u00fablico.<\/h3><p class=\"eb-feature-list-content\">Um dos diferenciais do Marketing Digital \u00e9 o poder de interatividade. Na internet, os consumidores n\u00e3o s\u00e3o apenas passivos, eles tamb\u00e9m participam, comentam e conversam com as empresas.<\/p><\/div><\/li><li class=\"eb-feature-list-item\" data-new-tab=\"false\" data-icon-type=\"icon\" data-icon=\"fas fa-building-circle-arrow-right\" data-icon-color=\"\" data-link=\"\"><div class=\"eb-feature-list-icon-box\"><div class=\"eb-feature-list-icon-inner\"><span class=\"eb-feature-list-icon\" style=\"color:\"><i icon=\"fas fa-building-circle-arrow-right\" class=\"fas fa-building-circle-arrow-right \"><\/i><\/span><\/div><\/div><div class=\"eb-feature-list-content-box\"><h3 class=\"eb-feature-list-title\">Direcionar a publicidade.<\/h3><p class=\"eb-feature-list-content\">O Marketing Digital tem ferramentas de publicidade que oferecem um recurso valioso: a segmenta\u00e7\u00e3o de p\u00fablico-alvo.\nPor meio dos dados coletados pelas ferramentas, \u00e9 poss\u00edvel direcionar os an\u00fancios digitais exatamente para o perfil de p\u00fablico que voc\u00ea quer atingir, ou seja, aquelas pessoas que t\u00eam mais chances de gerar as convers\u00f5es que voc\u00ea deseja.<\/p><\/div><\/li><li class=\"eb-feature-list-item\" data-new-tab=\"false\" data-icon-type=\"icon\" data-icon=\"fab fa-fort-awesome\" data-icon-color=\"\" data-link=\"\"><div class=\"eb-feature-list-icon-box\"><div class=\"eb-feature-list-icon-inner\"><span class=\"eb-feature-list-icon\" style=\"color:\"><i icon=\"fab fa-fort-awesome\" class=\"fab fa-fort-awesome \"><\/i><\/span><\/div><\/div><div class=\"eb-feature-list-content-box\"><h3 class=\"eb-feature-list-title\">Fortalecer a autoridade da marca.<\/h3><p class=\"eb-feature-list-content\">As estrat\u00e9gias de Marketing Digital tamb\u00e9m contribuem para fortalecer a autoridade e o posicionamento da sua marca no mercado.\u00a0\nVoc\u00ea pode oferecer conte\u00fados que mostram que a sua empresa entende tudo sobre a sua \u00e1rea de atua\u00e7\u00e3o. Dessa forma, voc\u00ea conquista uma posi\u00e7\u00e3o de refer\u00eancia no mercado e na mente dos consumidores.\u00a0<\/p><\/div><\/li><li class=\"eb-feature-list-item\" data-new-tab=\"false\" data-icon-type=\"icon\" data-icon=\"fas fa-chart-line\" data-icon-color=\"\" data-link=\"\"><div class=\"eb-feature-list-icon-box\"><div class=\"eb-feature-list-icon-inner\"><span class=\"eb-feature-list-icon\" style=\"color:\"><i icon=\"fas fa-chart-line\" class=\"fas fa-chart-line \"><\/i><\/span><\/div><\/div><div class=\"eb-feature-list-content-box\"><h3 class=\"eb-feature-list-title\">Mensurar resultados.<\/h3><p class=\"eb-feature-list-content\">Outro diferencial importante do Marketing Digital \u00e9 o seu poder de mensura\u00e7\u00e3o dos resultados.\nPor meio da coleta dos dados pelas ferramentas de marketing, voc\u00ea pode gerar relat\u00f3rios e analisar o que as estrat\u00e9gias est\u00e3o gerando para o seu neg\u00f3cio, em termos de convers\u00f5es, alcance, engajamento, entre outras diversas m\u00e9tricas.<\/p><\/div><\/li><\/ul><\/div><\/div><\/div>\n\n\n\n<h1 class=\"wp-block-heading has-text-align-center\" id=\"divulgar-o-seu-neg\u00f3cio\"><strong>Como o Provedor Brasil pode te auxiliar com o Marketing Digital?<\/strong><\/h1>\n\n\n\n<p class=\"has-text-align-center has-medium-font-size\">Provedor Brasil tem como objetivo principal, inserir as empresas no Mercado Digital de forma simplificada, atuando diretamente nos Sites, E-mails e Redes Sociais. Quando falamos de simplicidade, falamos de descomplicar e absorver todo o processo, onde voc\u00ea solicita tudo pelo WhatsApp sem burocracia.<br><br><\/p>\n\n\n\n<div class=\"wp-block-columns is-layout-flex wp-container-core-columns-is-layout-9d6595d7 wp-block-columns-is-layout-flex\">\n<div class=\"wp-block-column is-layout-flow wp-block-column-is-layout-flow\">\n<h2 class=\"wp-block-heading\">Assinaturas de E-mail:<\/h2>\n\n\n\n<p class=\"has-medium-font-size\">As assinaturas de e-mail s\u00e3o importantes em diversos sentidos. Com ela voc\u00ea pode colocar os dados como: Logo da Empresa, Nome, Cargo, Telefone, E-mail, WhatsApp, etc..<br>Trazendo maior credibilidade para seu neg\u00f3cio.<\/p>\n\n\n\n<p class=\"has-medium-font-size\">Para criar sua assinatura de e-mail, basta nos enviar o logotipo de sua empresa e os dados no whatsapp, priorizamos sua identidade visual para que fique do jeito que voc\u00ea sempre sonhou.<\/p>\n\n\n\n<p class=\"has-medium-font-size\">Fa\u00e7a agora mesmo o seu or\u00e7amento sem compromisso. <\/p>\n<\/div>\n\n\n\n<div class=\"wp-block-column is-layout-flow wp-block-column-is-layout-flow\">\n<figure class=\"wp-block-image size-full\"><img loading=\"lazy\" decoding=\"async\" width=\"1485\" height=\"1370\" src=\"https:\/\/provedorbrasil.com.br\/home\/wp-content\/uploads\/2025\/01\/provedor-brasil-assinatura-de-e-mail-2-1.png\" alt=\"\" class=\"wp-image-1788\" srcset=\"https:\/\/provedorbrasil.com.br\/home\/wp-content\/uploads\/2025\/01\/provedor-brasil-assinatura-de-e-mail-2-1.png 1485w, https:\/\/provedorbrasil.com.br\/home\/wp-content\/uploads\/2025\/01\/provedor-brasil-assinatura-de-e-mail-2-1-300x277.png 300w, https:\/\/provedorbrasil.com.br\/home\/wp-content\/uploads\/2025\/01\/provedor-brasil-assinatura-de-e-mail-2-1-1024x945.png 1024w, https:\/\/provedorbrasil.com.br\/home\/wp-content\/uploads\/2025\/01\/provedor-brasil-assinatura-de-e-mail-2-1-768x709.png 768w\" sizes=\"auto, (max-width: 1485px) 100vw, 1485px\" \/><\/figure>\n\n\n\n<p class=\"has-text-align-center has-small-font-size\">Imagem ilustrativa de assinatura de e-mail.<\/p>\n<\/div>\n<\/div>\n\n\n\n<div class=\"wp-block-media-text is-stacked-on-mobile\"><figure class=\"wp-block-media-text__media\"><img loading=\"lazy\" decoding=\"async\" width=\"1024\" height=\"924\" src=\"https:\/\/provedorbrasil.com.br\/home\/wp-content\/uploads\/2025\/01\/img-marketing-digital-provedor-brasil-4-1-1024x924.png\" alt=\"\" class=\"wp-image-1800 size-full\" srcset=\"https:\/\/provedorbrasil.com.br\/home\/wp-content\/uploads\/2025\/01\/img-marketing-digital-provedor-brasil-4-1-1024x924.png 1024w, https:\/\/provedorbrasil.com.br\/home\/wp-content\/uploads\/2025\/01\/img-marketing-digital-provedor-brasil-4-1-300x271.png 300w, https:\/\/provedorbrasil.com.br\/home\/wp-content\/uploads\/2025\/01\/img-marketing-digital-provedor-brasil-4-1-768x693.png 768w, https:\/\/provedorbrasil.com.br\/home\/wp-content\/uploads\/2025\/01\/img-marketing-digital-provedor-brasil-4-1.png 1080w\" sizes=\"auto, (max-width: 1024px) 100vw, 1024px\" \/><\/figure><div class=\"wp-block-media-text__content\">\n<h2 class=\"wp-block-heading\">Assessoria de Redes Sociais:<\/h2>\n\n\n\n<p class=\"has-medium-font-size\">Atrav\u00e9s das redes sociais, simplificamos o acesso das pessoas at\u00e9 as empresas. Com isso, voc\u00ea sente a necessidade de ter publica\u00e7\u00f5es atraentes em suas redes para captar os Leads.  <\/p>\n\n\n\n<p class=\"has-medium-font-size\">A maior dificuldade relatada de nossos clientes, sempre foi que: &#8220;-Eu n\u00e3o tenho tempo para criar as imagens, e n\u00e3o sei como fazer.&#8221;<br>Para solucionar parte desse processo, hoje possuimos uma equipe de desenvolvimento de artes visuais para redes. <br>Voc\u00ea solicita pelo WhatsApp e te enviamos a imagem pronta para ser postada.<\/p>\n\n\n\n<p class=\"has-medium-font-size\">Consulte nossos canais de atendimento e veja como \u00e9 simples e f\u00e1cil adquirir seu pacote de imagens.<\/p>\n\n\n\n<div class=\"wp-block-essential-blocks-button root-eb-button-o7fzh\"><div class=\"eb-parent-wrapper eb-parent-eb-button-o7fzh \"><div class=\"eb-button-wrapper eb-button-alignment eb-button-o7fzh\"><div class=\"eb-button\"><div class=\"eb-button-inner-wrapper \"><a class=\"eb-button-anchor \" href=\"https:\/\/api.whatsapp.com\/message\/4OAIRUCCKXPRJ1?autoload=1&amp;app_absent=0\" target=\"_blank\" rel=\"noopener\"><i icon=\"fab fa-whatsapp\" class=\"fab fa-whatsapp eb-button-icon eb-button-icon-left hvr-icon\"><\/i>Fale com um consultor:<\/a><\/div><\/div><\/div><\/div><\/div>\n<\/div><\/div>\n\n\n\n<p><\/p>\n","protected":false},"excerpt":{"rendered":"<p>Marketing digital s\u00e3o a\u00e7\u00f5es de comunica\u00e7\u00e3o que as empresas podem utilizar por meio da internet, da telefonia celular e outros meios digitais, para assim divulgar e comercializar seus produtos ou servi\u00e7os, conquistando novos clientes e melhorando a sua rede de relacionamentos. Quais os pontos principais do Marketing Digital? Como o Provedor Brasil pode te auxiliar [&hellip;]<\/p>\n","protected":false},"author":1,"featured_media":0,"parent":0,"menu_order":4,"comment_status":"closed","ping_status":"closed","template":"templates\/template-page-full-width.php","meta":{"_eb_attr":"","footnotes":""},"class_list":["post-50","page","type-page","status-publish","hentry"],"_links":{"self":[{"href":"https:\/\/provedorbrasil.com.br\/home\/wp-json\/wp\/v2\/pages\/50","targetHints":{"allow":["GET"]}}],"collection":[{"href":"https:\/\/provedorbrasil.com.br\/home\/wp-json\/wp\/v2\/pages"}],"about":[{"href":"https:\/\/provedorbrasil.com.br\/home\/wp-json\/wp\/v2\/types\/page"}],"author":[{"embeddable":true,"href":"https:\/\/provedorbrasil.com.br\/home\/wp-json\/wp\/v2\/users\/1"}],"replies":[{"embeddable":true,"href":"https:\/\/provedorbrasil.com.br\/home\/wp-json\/wp\/v2\/comments?post=50"}],"version-history":[{"count":49,"href":"https:\/\/provedorbrasil.com.br\/home\/wp-json\/wp\/v2\/pages\/50\/revisions"}],"predecessor-version":[{"id":1948,"href":"https:\/\/provedorbrasil.com.br\/home\/wp-json\/wp\/v2\/pages\/50\/revisions\/1948"}],"wp:attachment":[{"href":"https:\/\/provedorbrasil.com.br\/home\/wp-json\/wp\/v2\/media?parent=50"}],"curies":[{"name":"wp","href":"https:\/\/api.w.org\/{rel}","templated":true}]}}