{"id":380,"date":"2024-04-11T20:39:41","date_gmt":"2024-04-11T20:39:41","guid":{"rendered":"https:\/\/provedorbrasil.com.br\/home\/?page_id=380"},"modified":"2024-07-11T22:47:59","modified_gmt":"2024-07-11T22:47:59","slug":"contato","status":"publish","type":"page","link":"https:\/\/provedorbrasil.com.br\/home\/contato\/","title":{"rendered":"Contato"},"content":{"rendered":"<div class=\"wp-block-image\">\n<figure class=\"aligncenter size-full\"><a href=\"https:\/\/wa.me\/message\/4OAIRUCCKXPRJ1\" target=\"_blank\" rel=\"noreferrer noopener\"><img loading=\"lazy\" decoding=\"async\" width=\"1875\" height=\"625\" src=\"https:\/\/provedorbrasil.com.br\/home\/wp-content\/uploads\/2024\/04\/cabecalho-provedor-brasil-qr-code-contato-1.png\" alt=\"\" class=\"wp-image-407\" srcset=\"https:\/\/provedorbrasil.com.br\/home\/wp-content\/uploads\/2024\/04\/cabecalho-provedor-brasil-qr-code-contato-1.png 1875w, https:\/\/provedorbrasil.com.br\/home\/wp-content\/uploads\/2024\/04\/cabecalho-provedor-brasil-qr-code-contato-1-300x100.png 300w, https:\/\/provedorbrasil.com.br\/home\/wp-content\/uploads\/2024\/04\/cabecalho-provedor-brasil-qr-code-contato-1-1024x341.png 1024w, https:\/\/provedorbrasil.com.br\/home\/wp-content\/uploads\/2024\/04\/cabecalho-provedor-brasil-qr-code-contato-1-768x256.png 768w, https:\/\/provedorbrasil.com.br\/home\/wp-content\/uploads\/2024\/04\/cabecalho-provedor-brasil-qr-code-contato-1-1536x512.png 1536w\" sizes=\"auto, (max-width: 1875px) 100vw, 1875px\" \/><\/a><\/figure>\n<\/div>\n\n\n<hr class=\"wp-block-separator has-alpha-channel-opacity\"\/>\n\n\n<div class=\"wpforms-container wpforms-container-full wpforms-block wpforms-block-29440538-0dba-460c-a3cd-d02a86537afc wpforms-render-modern\" id=\"wpforms-387\"><form id=\"wpforms-form-387\" class=\"wpforms-validate wpforms-form wpforms-ajax-form\" data-formid=\"387\" method=\"post\" enctype=\"multipart\/form-data\" action=\"\/home\/wp-json\/wp\/v2\/pages\/380\" data-token=\"c7dd604ecca80fd2c84fd0a9010e8eae\" data-token-time=\"1775407684\"><noscript class=\"wpforms-error-noscript\">Ative o JavaScript no seu navegador para preencher este formul\u00e1rio.<\/noscript><div id=\"wpforms-error-noscript\" style=\"display: none;\">Ative o JavaScript no seu navegador para preencher este formul\u00e1rio.<\/div><div class=\"wpforms-field-container\"><div id=\"wpforms-387-field_8-container\" class=\"wpforms-field wpforms-field-name\" data-field-id=\"8\"><fieldset><legend class=\"wpforms-field-label\">Nome: <span class=\"wpforms-required-label\" aria-hidden=\"true\">*<\/span><\/legend><div class=\"wpforms-field-row wpforms-field-medium\"><div class=\"wpforms-field-row-block wpforms-first wpforms-one-half\"><input type=\"text\" id=\"wpforms-387-field_8\" class=\"wpforms-field-name-first wpforms-field-required\" name=\"wpforms[fields][8][first]\" aria-errormessage=\"wpforms-387-field_8-error\" required><label for=\"wpforms-387-field_8\" class=\"wpforms-field-sublabel after\">Nome<\/label><\/div><div class=\"wpforms-field-row-block wpforms-one-half\"><input type=\"text\" id=\"wpforms-387-field_8-last\" class=\"wpforms-field-name-last wpforms-field-required\" name=\"wpforms[fields][8][last]\" aria-errormessage=\"wpforms-387-field_8-last-error\" required><label for=\"wpforms-387-field_8-last\" class=\"wpforms-field-sublabel after\">Sobrenome<\/label><\/div><\/div><\/fieldset><\/div><div id=\"wpforms-387-field_14-container\" class=\"wpforms-field wpforms-field-name\" data-field-id=\"14\"><label class=\"wpforms-field-label\" for=\"wpforms-387-field_14\">Empresa: <span class=\"wpforms-required-label\" aria-hidden=\"true\">*<\/span><\/label><input type=\"text\" id=\"wpforms-387-field_14\" class=\"wpforms-field-medium wpforms-field-required\" name=\"wpforms[fields][14]\" aria-errormessage=\"wpforms-387-field_14-error\" required><\/div><div id=\"wpforms-387-field_7-container\" class=\"wpforms-field wpforms-field-email\" data-field-id=\"7\"><label class=\"wpforms-field-label\" for=\"wpforms-387-field_7\">E-mail: <span class=\"wpforms-required-label\" aria-hidden=\"true\">*<\/span><\/label><input type=\"email\" id=\"wpforms-387-field_7\" class=\"wpforms-field-medium wpforms-field-required\" name=\"wpforms[fields][7]\" spellcheck=\"false\" aria-errormessage=\"wpforms-387-field_7-error\" required><\/div><div id=\"wpforms-387-field_4-container\" class=\"wpforms-field wpforms-field-text\" data-field-id=\"4\"><label class=\"wpforms-field-label\" for=\"wpforms-387-field_4\">Telefone:<\/label><input type=\"text\" id=\"wpforms-387-field_4\" class=\"wpforms-field-medium\" name=\"wpforms[fields][4]\" aria-errormessage=\"wpforms-387-field_4-error\" ><\/div><div id=\"wpforms-387-field_9-container\" class=\"wpforms-field wpforms-field-number\" data-field-id=\"9\"><label class=\"wpforms-field-label\" for=\"wpforms-387-field_9\">WhatsApp:  <span class=\"wpforms-required-label\" aria-hidden=\"true\">*<\/span><\/label><input type=\"number\" id=\"wpforms-387-field_9\" class=\"wpforms-field-medium wpforms-field-required\" name=\"wpforms[fields][9]\" step=\"any\" aria-errormessage=\"wpforms-387-field_9-error\" required><\/div><div id=\"wpforms-387-field_10-container\" class=\"wpforms-field wpforms-field-checkbox\" data-field-id=\"10\"><fieldset><legend class=\"wpforms-field-label\">Informe o motivo do contato: <span class=\"wpforms-required-label\" aria-hidden=\"true\">*<\/span><\/legend><ul id=\"wpforms-387-field_10\" class=\"wpforms-field-required\"><li class=\"choice-1 depth-1\"><input type=\"checkbox\" id=\"wpforms-387-field_10_1\" name=\"wpforms[fields][10][]\" value=\"Suporte T\u00e9cnico\" aria-errormessage=\"wpforms-387-field_10_1-error\" required ><label class=\"wpforms-field-label-inline\" for=\"wpforms-387-field_10_1\">Suporte T\u00e9cnico<\/label><\/li><li class=\"choice-2 depth-1\"><input type=\"checkbox\" id=\"wpforms-387-field_10_2\" name=\"wpforms[fields][10][]\" value=\"Financeiro\" aria-errormessage=\"wpforms-387-field_10_2-error\" required ><label class=\"wpforms-field-label-inline\" for=\"wpforms-387-field_10_2\">Financeiro<\/label><\/li><li class=\"choice-3 depth-1\"><input type=\"checkbox\" id=\"wpforms-387-field_10_3\" name=\"wpforms[fields][10][]\" value=\"Comercial\" aria-errormessage=\"wpforms-387-field_10_3-error\" required ><label class=\"wpforms-field-label-inline\" for=\"wpforms-387-field_10_3\">Comercial<\/label><\/li><\/ul><\/fieldset><\/div><div id=\"wpforms-387-field_12-container\" class=\"wpforms-field wpforms-field-textarea\" data-field-id=\"12\"><label class=\"wpforms-field-label\" for=\"wpforms-387-field_12\">Digite sua nensagem: <span class=\"wpforms-required-label\" aria-hidden=\"true\">*<\/span><\/label><textarea id=\"wpforms-387-field_12\" class=\"wpforms-field-large wpforms-field-required\" name=\"wpforms[fields][12]\" aria-errormessage=\"wpforms-387-field_12-error\" required><\/textarea><\/div><\/div><!-- .wpforms-field-container --><div class=\"wpforms-submit-container\" ><input type=\"hidden\" name=\"wpforms[id]\" value=\"387\"><input type=\"hidden\" name=\"page_title\" value=\"\"><input type=\"hidden\" name=\"page_url\" value=\"https:\/\/provedorbrasil.com.br\/home\/wp-json\/wp\/v2\/pages\/380\"><input type=\"hidden\" name=\"url_referer\" value=\"\"><button type=\"submit\" name=\"wpforms[submit]\" id=\"wpforms-submit-387\" class=\"wpforms-submit\" data-alt-text=\"Sending...\" data-submit-text=\"Enviar\" aria-live=\"assertive\" value=\"wpforms-submit\">Enviar<\/button><img loading=\"lazy\" decoding=\"async\" src=\"https:\/\/provedorbrasil.com.br\/home\/wp-content\/plugins\/wpforms-lite\/assets\/images\/submit-spin.svg\" class=\"wpforms-submit-spinner\" style=\"display: none;\" width=\"26\" height=\"26\" alt=\"Carregando\"><\/div><\/form><\/div>  <!-- .wpforms-container -->\n\n\n<hr class=\"wp-block-separator has-alpha-channel-opacity\"\/>\n\n\n\n<p><\/p>\n\n\n\n<div class=\"wp-block-media-text is-stacked-on-mobile\"><figure class=\"wp-block-media-text__media\"><a href=\"https:\/\/wa.me\/message\/4OAIRUCCKXPRJ1\" target=\"_blank\" rel=\"noopener\"><img loading=\"lazy\" decoding=\"async\" width=\"500\" height=\"500\" src=\"https:\/\/provedorbrasil.com.br\/home\/wp-content\/uploads\/2024\/04\/img-provedor-brasil-contato-zap-meio-1.png\" alt=\"\" class=\"wp-image-469 size-full\" srcset=\"https:\/\/provedorbrasil.com.br\/home\/wp-content\/uploads\/2024\/04\/img-provedor-brasil-contato-zap-meio-1.png 500w, https:\/\/provedorbrasil.com.br\/home\/wp-content\/uploads\/2024\/04\/img-provedor-brasil-contato-zap-meio-1-300x300.png 300w, https:\/\/provedorbrasil.com.br\/home\/wp-content\/uploads\/2024\/04\/img-provedor-brasil-contato-zap-meio-1-150x150.png 150w\" sizes=\"auto, (max-width: 500px) 100vw, 500px\" \/><\/a><\/figure><div class=\"wp-block-media-text__content\">\n<h2 class=\"wp-block-heading\">Atendimento Personalizado<\/h2>\n\n\n\n<p>Hoje em dia ningu\u00e9m quer perder tempo, passar por grava\u00e7\u00f5es, atendentes intermin\u00e1veis, repeti\u00e7\u00e3o da sua necessidade.&nbsp;Nosso suporte personalizado e descomplicado com nossos consultores via telefone, e-mail e WhatsApp, sem necessidade de Login ou abertura de tickets!<\/p>\n<\/div><\/div>\n\n\n\n<hr class=\"wp-block-separator has-alpha-channel-opacity\"\/>\n\n\n\n<div class=\"wp-block-media-text has-media-on-the-right is-stacked-on-mobile\"><div class=\"wp-block-media-text__content\">\n<p class=\"has-medium-font-size\"><strong>Canais de atendimento (SUPORTE):<\/strong><\/p>\n\n\n\n<p>Nosso suporte t\u00e9cnico \u00e9 24hs, portanto, nunca mais se preocupe com seu site ou e-mails, lembrando que obtemos uptime de 99,9%.<\/p>\n\n\n\n<p>E-mail: <a href=\"mailto:suporte@provedorbrasil.com.br\">suporte@provedorbrasil.com.br<\/a><br>Telefone: (51) 99178.5718<br>WhatsApp: +55 (51) 991785718<\/p>\n<\/div><figure class=\"wp-block-media-text__media\"><img loading=\"lazy\" decoding=\"async\" width=\"500\" height=\"500\" src=\"https:\/\/provedorbrasil.com.br\/home\/wp-content\/uploads\/2024\/04\/img-contato-suporte-tecnico-provedor-brasil-1.png\" alt=\"\" class=\"wp-image-486 size-full\" srcset=\"https:\/\/provedorbrasil.com.br\/home\/wp-content\/uploads\/2024\/04\/img-contato-suporte-tecnico-provedor-brasil-1.png 500w, https:\/\/provedorbrasil.com.br\/home\/wp-content\/uploads\/2024\/04\/img-contato-suporte-tecnico-provedor-brasil-1-300x300.png 300w, https:\/\/provedorbrasil.com.br\/home\/wp-content\/uploads\/2024\/04\/img-contato-suporte-tecnico-provedor-brasil-1-150x150.png 150w\" sizes=\"auto, (max-width: 500px) 100vw, 500px\" \/><\/figure><\/div>\n\n\n\n<hr class=\"wp-block-separator has-alpha-channel-opacity\"\/>\n\n\n\n<div class=\"wp-block-media-text is-stacked-on-mobile\"><figure class=\"wp-block-media-text__media\"><img loading=\"lazy\" decoding=\"async\" width=\"500\" height=\"500\" src=\"https:\/\/provedorbrasil.com.br\/home\/wp-content\/uploads\/2024\/04\/img-contato-financeiro-provedor-brasil-1.png\" alt=\"\" class=\"wp-image-490 size-full\" srcset=\"https:\/\/provedorbrasil.com.br\/home\/wp-content\/uploads\/2024\/04\/img-contato-financeiro-provedor-brasil-1.png 500w, https:\/\/provedorbrasil.com.br\/home\/wp-content\/uploads\/2024\/04\/img-contato-financeiro-provedor-brasil-1-300x300.png 300w, https:\/\/provedorbrasil.com.br\/home\/wp-content\/uploads\/2024\/04\/img-contato-financeiro-provedor-brasil-1-150x150.png 150w\" sizes=\"auto, (max-width: 500px) 100vw, 500px\" \/><\/figure><div class=\"wp-block-media-text__content\">\n<p class=\"has-medium-font-size\"><strong>Canais de Atendimento (FINANCEIRO):<\/strong><\/p>\n\n\n\n<p>Nosso time financeiro ter\u00e1 o maior prazer em lhe atender de segunda \u00e0 sexta, das 09:00hs \u00e0s 17:00hs para pagamentos, boletos, pix, etc..<\/p>\n\n\n\n<p>E-mail: <a href=\"mailto:financeiro@provedorbrasil.com.br\">financeiro@provedorbrasil.com.br<\/a><br>Telefone: 51 3082.1096<br>WhatsApp: +55 (51) 99178.5718<\/p>\n<\/div><\/div>\n\n\n\n<hr class=\"wp-block-separator has-alpha-channel-opacity\"\/>\n\n\n\n<div class=\"wp-block-media-text has-media-on-the-right is-stacked-on-mobile\"><div class=\"wp-block-media-text__content\">\n<p><strong>Canais de Atendimento (COMERCIAL):<\/strong><\/p>\n\n\n\n<p>Nossa equipe comercial atende de segunda \u00e0 sexta, das 08:00hs \u00e0s 18:00hs. Por\u00e9m, mediante agendamento, podemos atender em outros hor\u00e1rios, basta consultar&#8230;<\/p>\n\n\n\n<p>E-mail: <a href=\"mailto:comercial@provedorbrasil.com.br\">comercial@provedorbrasil.com.br<\/a><br>Telefone: (51) 3082.1096<br>WhatsApp: +55 (51) 99178.5718<\/p>\n<\/div><figure class=\"wp-block-media-text__media\"><img loading=\"lazy\" decoding=\"async\" width=\"500\" height=\"500\" src=\"https:\/\/provedorbrasil.com.br\/home\/wp-content\/uploads\/2024\/04\/img-contato-comercial-provedor-brasil-1.png\" alt=\"\" class=\"wp-image-495 size-full\" srcset=\"https:\/\/provedorbrasil.com.br\/home\/wp-content\/uploads\/2024\/04\/img-contato-comercial-provedor-brasil-1.png 500w, https:\/\/provedorbrasil.com.br\/home\/wp-content\/uploads\/2024\/04\/img-contato-comercial-provedor-brasil-1-300x300.png 300w, https:\/\/provedorbrasil.com.br\/home\/wp-content\/uploads\/2024\/04\/img-contato-comercial-provedor-brasil-1-150x150.png 150w\" sizes=\"auto, (max-width: 500px) 100vw, 500px\" \/><\/figure><\/div>\n","protected":false},"excerpt":{"rendered":"<p>Atendimento Personalizado Hoje em dia ningu\u00e9m quer perder tempo, passar por grava\u00e7\u00f5es, atendentes intermin\u00e1veis, repeti\u00e7\u00e3o da sua necessidade.&nbsp;Nosso suporte personalizado e descomplicado com nossos consultores via telefone, e-mail e WhatsApp, sem necessidade de Login ou abertura de tickets! Canais de atendimento (SUPORTE): Nosso suporte t\u00e9cnico \u00e9 24hs, portanto, nunca mais se preocupe com seu site [&hellip;]<\/p>\n","protected":false},"author":1,"featured_media":0,"parent":0,"menu_order":7,"comment_status":"closed","ping_status":"closed","template":"templates\/template-page-full-width.php","meta":{"_eb_attr":"","footnotes":""},"class_list":["post-380","page","type-page","status-publish","hentry"],"_links":{"self":[{"href":"https:\/\/provedorbrasil.com.br\/home\/wp-json\/wp\/v2\/pages\/380","targetHints":{"allow":["GET"]}}],"collection":[{"href":"https:\/\/provedorbrasil.com.br\/home\/wp-json\/wp\/v2\/pages"}],"about":[{"href":"https:\/\/provedorbrasil.com.br\/home\/wp-json\/wp\/v2\/types\/page"}],"author":[{"embeddable":true,"href":"https:\/\/provedorbrasil.com.br\/home\/wp-json\/wp\/v2\/users\/1"}],"replies":[{"embeddable":true,"href":"https:\/\/provedorbrasil.com.br\/home\/wp-json\/wp\/v2\/comments?post=380"}],"version-history":[{"count":44,"href":"https:\/\/provedorbrasil.com.br\/home\/wp-json\/wp\/v2\/pages\/380\/revisions"}],"predecessor-version":[{"id":1109,"href":"https:\/\/provedorbrasil.com.br\/home\/wp-json\/wp\/v2\/pages\/380\/revisions\/1109"}],"wp:attachment":[{"href":"https:\/\/provedorbrasil.com.br\/home\/wp-json\/wp\/v2\/media?parent=380"}],"curies":[{"name":"wp","href":"https:\/\/api.w.org\/{rel}","templated":true}]}}