{"id":25,"date":"2024-02-14T18:05:25","date_gmt":"2024-02-14T18:05:25","guid":{"rendered":"https:\/\/provedorbrasil.com.br\/home\/?page_id=25"},"modified":"2025-02-19T20:02:38","modified_gmt":"2025-02-19T20:02:38","slug":"area-do-cliente","status":"publish","type":"page","link":"https:\/\/provedorbrasil.com.br\/home\/area-do-cliente\/","title":{"rendered":"\u00c1rea do Cliente"},"content":{"rendered":"\n<p class=\"has-text-align-center has-large-font-size\"><strong>Ol\u00e1, nesta \u00e1rea do site, voc\u00ea poder\u00e1 acessar todas as plataformas dispon\u00edveis para os clientes: <\/strong><\/p>\n\n\n\n<div class=\"wp-block-columns is-layout-flex wp-container-core-columns-is-layout-9d6595d7 wp-block-columns-is-layout-flex\">\n<div class=\"wp-block-column is-layout-flow wp-block-column-is-layout-flow\"><form method=\"post\" action=\"http:\/\/webmail.provedorbrasil.com.br\/\" target=\"_blank\">\n<fieldset style=\"width: 500px;\">\n<legend>Webmail<\/legend>\n<p>    E-mail: <br \/><input type=\"text\" name=\"login_auto\"\/><br \/>\n    Senha:  <br \/><input type=\"password\" name=\"passwd_auto\" \/><br \/>\n    <input type=\"submit\" value=\"Efetuar Login\" style=\"margin: 3px 0px 0px 12%;\" \/><br \/>\n<\/fieldset>\n<\/form>\n<\/div>\n\n\n\n<div class=\"wp-block-column is-vertically-aligned-center is-layout-flow wp-block-column-is-layout-flow\">\n<p class=\"has-text-align-center has-medium-font-size\"><strong>Aqui voc\u00ea poder\u00e1 ter acesso aos e-mails individuais de sua empresa. <\/strong><br>O webmail \u00e9 uma ferramenta virtual que \u00e9 utilizada para gerenciar sua conta. Colocando seu e-mail completo e senha ao lado, ir\u00e1 acessar a nossa plataforma diretamente dentro do servidor.<\/p>\n<\/div>\n<\/div>\n\n\n\n<hr class=\"wp-block-separator has-alpha-channel-opacity\"\/>\n\n\n\n<div class=\"wp-block-columns is-layout-flex wp-container-core-columns-is-layout-9d6595d7 wp-block-columns-is-layout-flex\">\n<div class=\"wp-block-column is-layout-flow wp-block-column-is-layout-flow\"><form method=\"post\" action=\"http:\/\/painel.provedorbrasil.com.br\/index_central.php\" target=\"_blank\">\n<fieldset style=\"width: 500px;\">\n<legend>Painel de controle<\/legend>\n<p>    E-mail: <br \/><input type=\"text\" name=\"email\"\/><br \/>\n    Senha:  <br \/><input type=\"password\" name=\"senha\" \/><br \/>\n    <input type=\"submit\" value=\"Efetuar Login\" style=\"margin: 3px 0px 0px 12%;\" \/><br \/>\n<\/fieldset>\n<\/form>\n<\/div>\n\n\n\n<div class=\"wp-block-column is-vertically-aligned-center is-layout-flow wp-block-column-is-layout-flow\">\n<p class=\"has-text-align-center has-medium-font-size\"><strong>Aqui voc\u00ea poder\u00e1 ter acesso total do seu dom\u00ednio. <\/strong><br>No painel de controle permite criar contas de e-mail, trocar senhas, efetuar bloqueios e muito mais..<br>Preencha ao lado seus dados de login (e-mail e senha) e obtenha o controle total de sua empresa.<\/p>\n<\/div>\n<\/div>\n\n\n\n<hr class=\"wp-block-separator has-alpha-channel-opacity\"\/>\n\n\n\n<div class=\"wp-block-media-text is-stacked-on-mobile\"><figure class=\"wp-block-media-text__media\"><img loading=\"lazy\" decoding=\"async\" width=\"828\" height=\"428\" src=\"https:\/\/provedorbrasil.com.br\/home\/wp-content\/uploads\/2024\/04\/img-webftp-provedor-brasil-1.png\" alt=\"\" class=\"wp-image-356 size-full\" srcset=\"https:\/\/provedorbrasil.com.br\/home\/wp-content\/uploads\/2024\/04\/img-webftp-provedor-brasil-1.png 828w, https:\/\/provedorbrasil.com.br\/home\/wp-content\/uploads\/2024\/04\/img-webftp-provedor-brasil-1-300x155.png 300w, https:\/\/provedorbrasil.com.br\/home\/wp-content\/uploads\/2024\/04\/img-webftp-provedor-brasil-1-768x397.png 768w\" sizes=\"auto, (max-width: 828px) 100vw, 828px\" \/><\/figure><div class=\"wp-block-media-text__content\">\n<p>Com o WebFTP voc\u00ea poder\u00e1 realizar todas as fun\u00e7\u00f5es: Navegar no Servidor de FTP, fazer Download, Upload, Compactar, Descompactar, Pesquisar, Copiar, Mover e Deletar Arquivos, Renomear, atribuir permiss\u00f5es, e muto mais\u2026<br>Clique no bot\u00e3o abaixo para acessar:<\/p>\n\n\n\n<div class=\"wp-block-buttons is-layout-flex wp-block-buttons-is-layout-flex\">\n<div class=\"wp-block-button has-custom-font-size has-small-font-size\"><a class=\"wp-block-button__link has-black-color has-luminous-vivid-amber-background-color has-text-color has-background has-link-color wp-element-button\" href=\"http:\/\/webftp.provedorbrasil.com.br\/\" target=\"_blank\" rel=\"noreferrer noopener\"><strong>Acesse o WebFTP<\/strong><\/a><\/div>\n<\/div>\n<\/div><\/div>\n","protected":false},"excerpt":{"rendered":"<p>Ol\u00e1, nesta \u00e1rea do site, voc\u00ea poder\u00e1 acessar todas as plataformas dispon\u00edveis para os clientes: Aqui voc\u00ea poder\u00e1 ter acesso aos e-mails individuais de sua empresa. O webmail \u00e9 uma ferramenta virtual que \u00e9 utilizada para gerenciar sua conta. Colocando seu e-mail completo e senha ao lado, ir\u00e1 acessar a nossa plataforma diretamente dentro do [&hellip;]<\/p>\n","protected":false},"author":1,"featured_media":0,"parent":0,"menu_order":6,"comment_status":"closed","ping_status":"closed","template":"templates\/template-page-full-width.php","meta":{"_eb_attr":"","footnotes":""},"class_list":["post-25","page","type-page","status-publish","hentry"],"_links":{"self":[{"href":"https:\/\/provedorbrasil.com.br\/home\/wp-json\/wp\/v2\/pages\/25","targetHints":{"allow":["GET"]}}],"collection":[{"href":"https:\/\/provedorbrasil.com.br\/home\/wp-json\/wp\/v2\/pages"}],"about":[{"href":"https:\/\/provedorbrasil.com.br\/home\/wp-json\/wp\/v2\/types\/page"}],"author":[{"embeddable":true,"href":"https:\/\/provedorbrasil.com.br\/home\/wp-json\/wp\/v2\/users\/1"}],"replies":[{"embeddable":true,"href":"https:\/\/provedorbrasil.com.br\/home\/wp-json\/wp\/v2\/comments?post=25"}],"version-history":[{"count":33,"href":"https:\/\/provedorbrasil.com.br\/home\/wp-json\/wp\/v2\/pages\/25\/revisions"}],"predecessor-version":[{"id":1968,"href":"https:\/\/provedorbrasil.com.br\/home\/wp-json\/wp\/v2\/pages\/25\/revisions\/1968"}],"wp:attachment":[{"href":"https:\/\/provedorbrasil.com.br\/home\/wp-json\/wp\/v2\/media?parent=25"}],"curies":[{"name":"wp","href":"https:\/\/api.w.org\/{rel}","templated":true}]}}